5*o + 1148 = 308*j - 306*j. Suppose 5*u = 2*b + 76, -82 = -5*u + b + 3*b. What is the highest common divisor of o and u?
14
Let d(j) = -13*j - 18. Let b be d(-3). Let v be (-8 + (-104)/12)*b/(-2). Suppose -4*r + r + 75 = 0. Calculate the greatest common factor of v and r.
25
Suppose -3*v + 0 = -15. Suppose -y = 4*p - v*p - 22, -118 = -5*y + p. Suppose -6*r + 144 = 12*r. What is the highest common factor of y and r?
8
Suppose -328 = -4*b + 5*i, -308 = -3*b + 9*i - 13*i. Suppose -6*w + 3*w + 4416 = 0. Calculate the highest common factor of b and w.
92
Let v = 3319 + -3291. Calculate the greatest common factor of v and 1442.
14
Let u(o) = -18*o**2 - 4322*o - 366. Let r be u(-240). Let n be 2/(-7) + (-401)/(-7). Calculate the highest common factor of n and r.
57
Suppose -3*o - 316*u + 31 = -317*u, -13 = -o - u. Suppose 0 = 5*h - 758 - 837. Calculate the highest common factor of h and o.
11
Suppose 0*o - o + 44 = 0. Let x(g) = -g**3 - 7*g**2 + 12*g - 9. Let q be x(-9). Let s be q*1 - (4 - (-27)/(-9)). What is the greatest common divisor of s and o?
44
Let n = 52 + -44. Let l = -5 + n. Suppose 5*h + 3*q = 1, -3*q = l*h - q. Calculate the highest common divisor of h and 14.
2
Suppose 3*n + 2*z + z = 33, 2*z = -5*n + 70. Suppose 4*c - 5*c + 3 = 0. Suppose -3*p = 2*h + 1, -2*p + 1 = -c*p. What is the greatest common factor of h and n?
1
Let w(v) = -4*v + 22. Let p be w(2). Let x be (-84)/(6*(-2)/32). Suppose -b - x = -3*b. What is the highest common divisor of b and p?
14
Suppose 20*g - z = 23*g - 963, 3*z - 614 = -2*g. Let i be 50*(-2 - -1)*-1. What is the highest common factor of i and g?
25
Let x(j) = j**3 - 2*j**2 - 8*j - 5. Let a be x(6). Let y(l) = 5*l**2 + 435*l + 42. Let w be y(-87). What is the greatest common divisor of w and a?
7
Let b = -20 + 44. Suppose -18*y + 7*y = 66. Let s be y + (-70)/(-7) - 7 - -63. Calculate the highest common factor of b and s.
12
Let q(a) = 201*a + a**3 + 16*a**2 - 21*a**2 - 201*a - 8. Let g be q(8). What is the greatest common divisor of g and 40?
8
Suppose 3*k = -k - 168. Let m = 177 + k. Suppose -2992*p + 42065 = 1146 - 2234 - 37631. What is the greatest common factor of p and m?
27
Let m = 4512 - 998. What is the highest common factor of m and 14?
14
Let p = 38 + -36. Let k(x) = x**3 + 2*x**2 - x + 2. Let o be k(0). Suppose 4*m + 2*g = m + 56, o*m - 44 = p*g. What is the highest common factor of m and 8?
4
Let s(m) = 735*m**3 - 2*m**2 + 2*m + 2. Let g be s(1). What is the highest common factor of g and 253?
11
Suppose 14*x + 68*x - 324490 = 512894. What is the greatest common factor of x and 74?
74
Suppose 0 = -3*v - 4*g + 254, -v + 0*g = -2*g - 108. Calculate the highest common factor of 6 and v.
2
Suppose -32 = 244*y - 246*y. Suppose -3*m - 4*j = 1 + 237, 0 = 5*j + 5. Let r = -30 - m. What is the greatest common divisor of r and y?
16
Suppose -4*j - 36 = 4*h, -2*h = -3*h - 3*j - 19. Let i be 30/(-10) - h - 10/(-2). What is the greatest common factor of i and 102?
6
Let j(h) = 2*h. Let p be (-99)/(-21) - 4/(-14). Let m be j(p). Suppose 4*u - 272 = -2*t, 5*u + 12 = 9*u. What is the highest common factor of m and t?
10
Let g(w) = 10*w**2 + 4*w + 10. Let c be g(-5). Suppose n + 22*t - 24 = 26*t, -4*t = 5*n - c. What is the greatest common factor of 16 and n?
4
Let b = -8545 + 18751. Calculate the greatest common divisor of 42 and b.
42
Suppose 3*y - 37 = -w - 4, -3*y + 141 = 4*w. Let x be ((315/(-4))/7)/((-9)/w). Calculate the highest common factor of x and 45.
45
Let f(b) = 1488*b + 4805. Let a be f(-3). What is the greatest common factor of a and 319?
11
Let b(n) = 14*n - 5. Let q be b(7). Let w = -3197 + 3228. Calculate the greatest common divisor of q and w.
31
Let u = -8693 + 9029. Calculate the highest common factor of u and 189.
21
Let d = -4627 + 5155. Calculate the greatest common factor of d and 66.
66
Let m(d) = -149*d - 2479. Let y be m(-18). What is the greatest common factor of y and 84?
7
Suppose -5*b = b - 12. Let i = -268 - -808. Suppose 4*h = 5*v - h - i, b*v - 234 = -4*h. What is the highest common factor of 37 and v?
37
Let n(c) = -45*c + 1. Let m be n(-1). Let j(q) = -q**3 - 26*q**2 - 121*q + 17. Let b be j(-6). Calculate the highest common factor of m and b.
23
Suppose -5*y + 645 = 2*q, 0*y + 5*q = -2*y + 216. Let w = 3 + 73. What is the highest common divisor of w and y?
19
Let v be (-20)/110 + 23574/66. Calculate the greatest common divisor of 11900 and v.
119
Let k be 0/3 - (-77 + -1). Suppose -10*n - 1 = -1301. What is the highest common divisor of n and k?
26
Suppose 3*m = -5*p + 29, p - 11*m + 10*m = 1. Let q(r) = -r**2 - 14*r - 7. Let h be q(-13). Calculate the greatest common factor of p and h.
2
Let w(s) = s**3 + 25*s**2 - 53*s + 43. Let d be w(-27). Suppose -398 = 5*m - 38. Let b be (m/(-28))/(1/56). What is the greatest common divisor of d and b?
16
Let u(q) = 19*q**3 + q**2 - 2. Let b be u(2). Suppose 0 = -48*x + 43802 - 39578. Calculate the highest common divisor of b and x.
22
Suppose -4*x = -4, -3*r + 103 = -r + x. Let o = -112 + 110. Let p be (-10)/20 - 715/o. What is the highest common divisor of p and r?
51
Let z(p) be the second derivative of 26*p**3/3 - 6*p**2 + 6*p. Let d be z(7). Suppose -u = -5*u + d. What is the greatest common divisor of u and 11?
11
Suppose 0*p - p = 3*p. Suppose p = -4*c + 3*n - 295, n + 3*n + 330 = -5*c. Let b = 82 + c. Calculate the highest common factor of b and 12.
12
Let d be (-140)/8*-5*2/7. Let f be 10582/55 + (-10)/d. What is the greatest common divisor of 144 and f?
48
Let w be (-3)/(-1)*30/18. Suppose 0*n + n - 20 = -w*h, -3*h = -n - 20. Suppose h*r + 28 = 9*r. Calculate the highest common factor of 77 and r.
7
Let b = -10 + 8. Let m be b*(3/(-6) + 1) + -7. Let i = 36 + m. Calculate the greatest common factor of 4 and i.
4
Let k(s) be the second derivative of s**3 - 5*s**2/2 - 27*s. Let h be k(3). Let j = h - 8. Calculate the greatest common divisor of j and 45.
5
Let y(i) = -4*i**3 + 3 + 3*i**3 - 437*i + 445*i. Let x be y(-5). Let v = x - 75. What is the highest common factor of v and 13?
13
Let y be (-6)/(4 - 1) + -46. Let i = y + 50. Suppose -17 = -5*u - 5*g - i, 2*u + g = 6. Calculate the highest common factor of u and 9.
3
Let v = -3422 + 3772. Let t = 3 - 3. Suppose -2*p + t + 70 = 0. Calculate the greatest common factor of v and p.
35
Let f(u) = 19*u**2 - 36*u - 6. Let g be f(5). Let v = g - 257. What is the greatest common factor of 56 and v?
8
Let p(q) = -4*q - 171. Let g(x) = x + 57. Let w(s) = -11*g(s) - 4*p(s). Let t be w(-8). Calculate the greatest common divisor of 34 and t.
17
Suppose -d - s = -4142 - 2449, -2*d + 6*s + 13182 = 0. What is the greatest common divisor of 117 and d?
39
Let z(c) = c**3 - 2*c**2 + 10*c - 22. Let m be z(4). What is the highest common divisor of m and 350?
50
Let c be (-4 - 6) + 6764 - 18. What is the highest common factor of c and 48?
16
Let v = 817 + -432. Suppose -13*u = -v - 343. What is the greatest common factor of u and 24?
8
Suppose 132 - 147 = -5*y. Suppose -3*r + r + 5*j = -16, 0 = -y*j. Calculate the highest common factor of 11 and r.
1
Let s = -278 - -280. Suppose 3*p + 8*v - 411 = 5*v, s*p + 5*v - 262 = 0. Calculate the greatest common factor of 47 and p.
47
Let g be 1 - (-9)/(-6) - (-5)/10. Suppose -10 = -g*n - 2*n. Suppose 2*b = -n*b + 105. Calculate the highest common factor of b and 10.
5
Let x = 262 - 122. Suppose 9*p - x = 5*p. Calculate the highest common divisor of p and 10.
5
Suppose 4*w - 3*y - 63 = 0, -3*y = 2*y - 15. Let t = -490 + 850. Calculate the highest common factor of t and w.
18
Let t = -64 + 74. Suppose 3243 = t*a + 1143. Calculate the greatest common factor of 28 and a.
14
Let b = -7060 + 7098. Calculate the highest common factor of b and 1387.
19
Suppose -5*x + 14 = -3*x. Let v(h) be the third derivative of 7*h**4/6 + 112*h**3/3 - 34*h**2. Let j be v(-6). What is the greatest common factor of x and j?
7
Let d = -207 - -212. Suppose -d*s - 4*j + 387 - 73 = 0, 5*s + 5*j = 310. What is the greatest common divisor of 110 and s?
22
Let p be ((-3576)/10)/((-209)/1045). What is the highest common factor of 8 and p?
4
Suppose 0 = 8*m - 6*m - 14. Let i be (21/(-2))/m*(-120)/18. What is the greatest common divisor of 75 and i?
5
Let o(y) = -3*y + 11 - 44 - 3. Suppos